4 (base 7) to base 4
-23
Convert -112 (base 6) to base 3.
-1122
-5 (base 7) to base 9
-5
6 (base 15) to base 4
12
What is -55 (base 12) in base 15?
-45
Convert -1 (base 16) to base 8.
-1
Convert -25 (base 13) to base 4.
-133
What is -1 (base 2) in base 3?
-1
What is -b (base 16) in base 9?
-12
What is 21 (base 13) in base 15?
1c
-23 (base 4) to base 6
-15
Convert -2201 (base 3) to base 15.
-4d
What is 4 (base 5) in base 12?
4
Convert -76 (base 11) to base 9.
-102
1 (base 5) to base 2
1
What is 47 (base 8) in base 6?
103
What is -111 (base 9) in base 7?
-160
Convert -101 (base 2) to base 9.
-5
12 (base 15) to base 13
14
-3 (base 10) to base 4
-3
Convert 15 (base 15) to base 16.
14
What is 11 (base 9) in base 3?
101
What is -1 (base 2) in base 10?
-1
What is -1 (base 10) in base 9?
-1
-130 (base 5) to base 9
-44
Convert -3 (base 8) to base 12.
-3
-1 (base 2) to base 6
-1
Convert -100100 (base 2) to base 16.
-24
Convert -1111111 (base 2) to base 4.
-1333
1 (base 5) to base 15
1
What is 4 (base 10) in base 8?
4
-33 (base 4) to base 15
-10
Convert 3 (base 9) to base 12.
3
What is -175 (base 11) in base 8?
-313
Convert 56 (base 14) to base 2.
1001100
120 (base 3) to base 11
14
13 (base 7) to base 3
101
Convert 1 (base 12) to base 2.
1
Convert 11 (base 13) to base 10.
14
Convert -3 (base 7) to base 5.
-3
Convert -7 (base 10) to base 6.
-11
16 (base 15) to base 14
17
-34 (base 5) to base 7
-25
Convert 23 (base 11) to base 14.
1b
Convert -3 (base 13) to base 3.
-10
What is -65 (base 8) in base 12?
-45
-209 (base 11) to base 3
-100022
Convert 1 (base 5) to base 11.
1
Convert -9 (base 13) to base 10.
-9
What is -40 (base 8) in base 2?
-100000
-71 (base 9) to base 5
-224
Convert -81 (base 14) to base 10.
-113
What is -8 (base 15) in base 14?
-8
-105 (base 7) to base 16
-36
1 (base 7) to base 11
1
Convert -10 (base 3) to base 14.
-3
What is 11 (base 14) in base 8?
17
-5 (base 11) to base 14
-5
What is -70 (base 12) in base 13?
-66
Convert 6 (base 13) to base 5.
11
What is -1 (base 8) in base 3?
-1
Convert 35 (base 7) to base 4.
122
What is 10 (base 6) in base 11?
6
-7 (base 14) to base 13
-7
Convert a (base 15) to base 12.
a
-2 (base 12) to base 6
-2
What is 1 (base 9) in base 15?
1
Convert 6 (base 14) to base 10.
6
-16 (base 7) to base 2
-1101
Convert -1 (base 12) to base 14.
-1
Convert 65 (base 12) to base 6.
205
20 (base 5) to base 3
101
What is -8 (base 16) in base 13?
-8
What is -11 (base 6) in base 11?
-7
What is -10 (base 4) in base 3?
-11
What is -11 (base 7) in base 14?
-8
Convert -15 (base 16) to base 11.
-1a
-131 (base 13) to base 8
-321
What is 20 (base 15) in base 4?
132
11 (base 13) to base 10
14
Convert -31 (base 6) to base 3.
-201
-6 (base 13) to base 14
-6
-7 (base 12) to base 11
-7
Convert -3b (base 13) to base 15.
-35
What is 1 (base 3) in base 7?
1
Convert -5 (base 8) to base 15.
-5
-2 (base 14) to base 6
-2
Convert -16 (base 12) to base 16.
-12
What is 6 (base 15) in base 14?
6
-2 (base 5) to base 13
-2
Convert -42 (base 6) to base 2.
-11010
Convert -3 (base 12) to base 15.
-3
-1000 (base 2) to base 10
-8
What is 2211 (base 3) in base 12?
64
What is 4 (base 14) in base 4?
10
What is -9 (base 12) in base 8?
-11
Convert -207 (base 11) to base 3.
-100020
9 (base 11) to base 2
1001
Convert -114 (base 7) to base 12.
-50
20 (base 3) to base 7
6
Convert 0 (base 16) to base 14.
0
a (base 11) to base 12
a
What is -14 (base 7) in base 12?
-b
What is 6 (base 7) in base 9?
6
12 (base 6) to base 7
11
Convert -33 (base 9) to base 2.
-11110
-101 (base 2) to base 4
-11
Convert -5 (base 15) to base 8.
-5
Convert 120 (base 8) to base 13.
62
What is 35 (base 13) in base 16?
2c
Convert -42 (base 7) to base 10.
-30
4 (base 13) to base 7
4
What is 1 (base 7) in base 12?
1
What is -103 (base 5) in base 6?
-44
Convert -2 (base 5) to base 7.
-2
Convert 2 (base 7) to base 6.
2
What is -521 (base 6) in base 8?
-301
What is -3 (base 15) in base 11?
-3
What is -210 (base 3) in base 11?
-1a
Convert -ee (base 16) to base 3.
-22211
Convert -26 (base 10) to base 7.
-35
What is 10 (base 11) in base 5?
21
What is -1 (base 9) in base 6?
-1
1302 (base 4) to base 16
72
Convert -101 (base 2) to base 5.
-10
-110010 (base 2) to base 10
-50
What is 1101 (base 2) in base 6?
21
-3 (base 13) to base 12
-3
Convert 223 (base 5) to base 14.
47
What is -46 (base 8) in base 12?
-32
Convert 17 (base 9) to base 8.
20
Convert -2 (base 13) to base 16.
-2
What is -a (base 11) in base 3?
-101
-c (base 14) to base 6
-20
What is -24 (base 6) in base 14?
-12
146 (base 9) to base 5
443
Convert 1100 (base 2) to base 5.
22
105 (base 10) to base 13
81
What is -15 (base 8) in base 16?
-d
What is -3 (base 4) in base 15?
-3
Convert 12 (base 4) to base 16.
6
Convert 16 (base 8) to base 13.
11
What is -11100100 (base 2) in base 12?
-170
Convert 244 (base 7) to base 3.
11211
What is 10 (base 11) in base 16?
b
Convert -14 (base 13) to base 12.
-15
What is c9 (base 16) in base 12?
149
What is 301 (base 7) in base 14?
a8
What is 17 (base 9) in base 11?
15
What is 13 (base 10) in base 3?
111
What is -2 (base 14) in base 10?
-2
203 (base 4) to base 6
55
Convert 5 (base 8) to base 7.
5
Convert -28 (base 14) to base 7.
-51
What is -101 (base 9) in base 16?
-52
What is d (base 16) in base 7?
16
What is -10 (base 16) in base 13?
-13
Convert -1 (base 7) to base 12.
-1
55 (base 13) to base 6
154
Convert 7b (base 13) to base 11.
93
3 (base 12) to base 5
3
What is -250 (base 7) in base 11?
-111
What is 4 (base 13) in base 5?
4
10 (base 7) to base 14
7
Convert -2 (base 15) to base 7.
-2
What is -63 (base 12) in base 6?
-203
What is 4 (base 5) in base 7?
4
What is -23 (base 7) in base 2?
-10001
Convert -12 (base 13) to base 5.
-30
13 (base 8) to base 11
10
Convert 47 (base 10) to base 7.
65
Convert -10 (base 12) to base 6.
-20
Convert 31 (base 8) to base 3.
221
Convert -1 (base 6) to base 8.
-1
Convert 120 (base 10) to base 3.
11110
What is -130 (base 8) in base 6?
-224
Convert -152 (base 12) to base 5.
-1311
Convert -2 (base 5) to base 11.
-2
-213 (base 11) to base 10
-256
-b (base 14) to base 3
-102
What is -24 (base 5) in base 3?
-112
What is 110100000 (base 2) in base 15?
1cb
What is 0 (base 5) in base 4?
0
187 (base 13) to base 8
430
Convert 1 (base 3) to base 6.
1
3 (base 8) to base 13
3
What is -1a (base 13) in base 5?
-43
What is 116 (base 11) in base 10?
138
What is -161 (base 8) in base 12?
-95
Convert 441 (base 7) to base 2.
11100001
Convert 168 (base 12) to base 2.
11100000
What is -27 (base 16) in base 2?
-100111
Convert -14 (base 16) to base 14.
-16
What is 1 (base 13) in base 16?
1
2 (base 5) to base 13
2
Convert -19 (base 14) to base 3.
-212
-5 (base 13) to base 5
-10
What is -7 (base 12) in base 10?
-7
What is 4 (base 10) in base 7?
4
-17 (base 13) to base 6
-32
21 (base 12) to base 13
1c
Convert -1 (base 16) to base 7.
-1
Convert 3b (base 16) to base 13.
47
Convert -4 (base 7) to base 12.
-4
What is -12 (base 3) in base 11?
-5
2 (base 15) to base 13
2
43 (base 8) to base 5
120
-2 (base 7) to base 15
-2
11 (base 2) to base 14
3
Convert 133 (base 5) to base 9.
47
What is -10c (base 16) in base 15?
-12d
Convert -83 (base 10) to base 4.
-1103
Convert 60 (base 7) to base 11.
39
What is -28 (base 11) in base 16?
-1e
What is 5 (base 11) in base 15?
5
3 (base 7) to base 11
3
0 (base 10) to base 11
0
-4 (base 10) to base 4
-10
What is -1 (base 16) in base 7?
-1
What is 0 (base 14) in base 13?
0
252 (base 6) to base 15
6e
What is 25 (base 8) in base 7?
30
Convert 321 (base 5) to base 15.
5b
17 (base 10) to base 6
25
What is -57 (base 8) in base 10?
-47
What is -61 (base 8) in base 10?
-49
11 (base 8) to base 7
12
What is -9 (base 10) in base 13?
-9
Convert -30 (base 12) to base 10.
-36
Convert -4 (base 10) to base 9.
-4
What is -212 (base 6) in base 11?
-73
What is -7 (base 12) in base 11?
-7
What is 14 (base 9) in base 3?
111
2 (base 3) to base 9
2
What is 3 (base 6) in base 16?
3
-14 (base 8) to base 6
-20
Convert 2 (base 9) to base 2.
10
What is 11 (base 2) in base 11?
3
Convert -7 (base 9) to base 10.
-7
What is -2 (base 12) in base 2?
-10
What is 2 (base 16) in base 9?
2
What is 22 (base 3) in base 11?
8
Convert 1 (base 11) to base 13.
1
What is -11 (base 2) in base 6?
-3
Convert 19 (base 14) to base